{"id":82,"date":"2025-06-15T19:32:26","date_gmt":"2025-06-15T17:32:26","guid":{"rendered":"https:\/\/yaokaessence.com\/?post_type=product&#038;p=82"},"modified":"2025-06-22T14:23:32","modified_gmt":"2025-06-22T19:23:32","slug":"now-rave-para-hombres","status":"publish","type":"product","link":"https:\/\/yaokaessence.com\/?product=now-rave-para-hombres","title":{"rendered":"Now RAVE para Hombres"},"content":{"rendered":"<p><b>Now<\/b>\u00a0de\u00a0<b>RAVE<\/b>\u00a0es una fragancia de la familia olfativa Amaderada Arom\u00e1tica para Hombres. Esta fragrancia es nueva.\u00a0<b>Now<\/b>\u00a0se lanz\u00f3 en 2022. Las Notas de Salida son pi\u00f1a, bergamota, manzana y grosellas negras; las Notas de Coraz\u00f3n son abedul, pachul\u00ed, jazm\u00edn de Marruecos y rosa; las Notas de Fondo son almizcle, vainilla, musgo de roble y \u00e1mbar gris.<\/p>\n","protected":false},"excerpt":{"rendered":"<h1 class=\"text-center medium-text-left\">Now RAVE\u00a0<small>para Hombres<\/small><\/h1>\n","protected":false},"featured_media":125,"comment_status":"closed","ping_status":"closed","template":"","meta":{"_kad_post_transparent":"","_kad_post_title":"","_kad_post_layout":"","_kad_post_sidebar_id":"","_kad_post_content_style":"","_kad_post_vertical_padding":"","_kad_post_feature":"","_kad_post_feature_position":"","_kad_post_header":false,"_kad_post_footer":false},"product_brand":[],"product_cat":[41,36,38,39,18,16],"product_tag":[],"class_list":{"0":"post-82","1":"product","2":"type-product","3":"status-publish","4":"has-post-thumbnail","6":"product_cat-almizclado","7":"product_cat-dulce","8":"product_cat-fresco","9":"product_cat-frutal","10":"product_cat-hombres","11":"product_cat-lattafa","13":"first","14":"instock","15":"sale","16":"sold-individually","17":"shipping-taxable","18":"purchasable","19":"product-type-simple","20":"entry","21":"content-bg","22":"loop-entry"},"_links":{"self":[{"href":"https:\/\/yaokaessence.com\/index.php?rest_route=\/wp\/v2\/product\/82","targetHints":{"allow":["GET"]}}],"collection":[{"href":"https:\/\/yaokaessence.com\/index.php?rest_route=\/wp\/v2\/product"}],"about":[{"href":"https:\/\/yaokaessence.com\/index.php?rest_route=\/wp\/v2\/types\/product"}],"replies":[{"embeddable":true,"href":"https:\/\/yaokaessence.com\/index.php?rest_route=%2Fwp%2Fv2%2Fcomments&post=82"}],"wp:featuredmedia":[{"embeddable":true,"href":"https:\/\/yaokaessence.com\/index.php?rest_route=\/wp\/v2\/media\/125"}],"wp:attachment":[{"href":"https:\/\/yaokaessence.com\/index.php?rest_route=%2Fwp%2Fv2%2Fmedia&parent=82"}],"wp:term":[{"taxonomy":"product_brand","embeddable":true,"href":"https:\/\/yaokaessence.com\/index.php?rest_route=%2Fwp%2Fv2%2Fproduct_brand&post=82"},{"taxonomy":"product_cat","embeddable":true,"href":"https:\/\/yaokaessence.com\/index.php?rest_route=%2Fwp%2Fv2%2Fproduct_cat&post=82"},{"taxonomy":"product_tag","embeddable":true,"href":"https:\/\/yaokaessence.com\/index.php?rest_route=%2Fwp%2Fv2%2Fproduct_tag&post=82"}],"curies":[{"name":"wp","href":"https:\/\/api.w.org\/{rel}","templated":true}]}}