{"id":151,"date":"2025-06-15T19:33:32","date_gmt":"2025-06-15T17:33:32","guid":{"rendered":"https:\/\/yaokaessence.com\/?post_type=product&#038;p=151"},"modified":"2025-06-22T13:10:59","modified_gmt":"2025-06-22T18:10:59","slug":"zara-man","status":"publish","type":"product","link":"https:\/\/yaokaessence.com\/?product=zara-man","title":{"rendered":"Zara Man"},"content":{"rendered":"<p><strong>Zara Man Eau De Parfum de Fragrance World<\/strong> es una fragancia exquisita dise\u00f1ada para hombres que aprecian las fragancias atrevidas y lujosas. \u00a0Fragrance World es una marca \u00e1rabe que lleva varios a\u00f1os creando aut\u00e9nticas obras maestras y perfumes de lujo para mujeres y hombres modernos. <strong>Inspirada en la ic\u00f3nica Black Orchid de Tom Ford<\/strong> , esta mezcla floral oriental cautiva con una combinaci\u00f3n intrigante de notas ricas y elegantes. <strong>Notas de salida :<\/strong> Trufa, Gardenia, Grosella negra, Ylang-Ylang, Jazm\u00edn, Bergamota, Mandarina, Lim\u00f3n de Amalfi.\u00a0 <strong>Notas medias :<\/strong> orqu\u00eddea, especias, gardenia, notas frutales, ylang-ylang, jazm\u00edn, loto. <strong>Notas de fondo<\/strong> : chocolate mexicano, pachul\u00ed, vainilla, incienso, \u00e1mbar, s\u00e1ndalo, vetiver, almizcle blanco.<\/p>\n","protected":false},"excerpt":{"rendered":"<p><strong>Zara Man de Fragrance World<\/strong><\/p>\n","protected":false},"featured_media":186,"comment_status":"closed","ping_status":"closed","template":"","meta":{"_kad_post_transparent":"default","_kad_post_title":"","_kad_post_layout":"default","_kad_post_sidebar_id":"","_kad_post_content_style":"default","_kad_post_vertical_padding":"default","_kad_post_feature":"","_kad_post_feature_position":"","_kad_post_header":false,"_kad_post_footer":false},"product_brand":[],"product_cat":[42,20,38,18],"product_tag":[],"class_list":{"0":"post-151","1":"product","2":"type-product","3":"status-publish","4":"has-post-thumbnail","6":"product_cat-especiado","7":"product_cat-fragrance-world","8":"product_cat-fresco","9":"product_cat-hombres","11":"first","12":"instock","13":"sale","14":"sold-individually","15":"shipping-taxable","16":"purchasable","17":"product-type-simple","18":"entry","19":"content-bg","20":"loop-entry"},"_links":{"self":[{"href":"https:\/\/yaokaessence.com\/index.php?rest_route=\/wp\/v2\/product\/151","targetHints":{"allow":["GET"]}}],"collection":[{"href":"https:\/\/yaokaessence.com\/index.php?rest_route=\/wp\/v2\/product"}],"about":[{"href":"https:\/\/yaokaessence.com\/index.php?rest_route=\/wp\/v2\/types\/product"}],"replies":[{"embeddable":true,"href":"https:\/\/yaokaessence.com\/index.php?rest_route=%2Fwp%2Fv2%2Fcomments&post=151"}],"wp:featuredmedia":[{"embeddable":true,"href":"https:\/\/yaokaessence.com\/index.php?rest_route=\/wp\/v2\/media\/186"}],"wp:attachment":[{"href":"https:\/\/yaokaessence.com\/index.php?rest_route=%2Fwp%2Fv2%2Fmedia&parent=151"}],"wp:term":[{"taxonomy":"product_brand","embeddable":true,"href":"https:\/\/yaokaessence.com\/index.php?rest_route=%2Fwp%2Fv2%2Fproduct_brand&post=151"},{"taxonomy":"product_cat","embeddable":true,"href":"https:\/\/yaokaessence.com\/index.php?rest_route=%2Fwp%2Fv2%2Fproduct_cat&post=151"},{"taxonomy":"product_tag","embeddable":true,"href":"https:\/\/yaokaessence.com\/index.php?rest_route=%2Fwp%2Fv2%2Fproduct_tag&post=151"}],"curies":[{"name":"wp","href":"https:\/\/api.w.org\/{rel}","templated":true}]}}