{"id":133,"date":"2025-06-15T19:33:09","date_gmt":"2025-06-15T17:33:09","guid":{"rendered":"https:\/\/yaokaessence.com\/?post_type=product&#038;p=133"},"modified":"2025-06-22T13:34:41","modified_gmt":"2025-06-22T18:34:41","slug":"signatures-no-ii","status":"publish","type":"product","link":"https:\/\/yaokaessence.com\/?product=signatures-no-ii","title":{"rendered":"Signatures No II\u00a0"},"content":{"rendered":"<p><b>Signatures No II<\/b>\u00a0de\u00a0<b>Maison Alhambra<\/b>\u00a0es una fragancia de la familia olfativa Amaderada Arom\u00e1tica para Hombres y Mujeres.\u00a0<b>Signatures No II<\/b>\u00a0se lanz\u00f3 en 2022. Las Notas de Salida son canela, incienso, madera de oud, nuez moscada, manzana verde, azafr\u00e1n y pera; las Notas de Coraz\u00f3n son pachul\u00ed y jazm\u00edn; las Notas de Fondo son tabaco, \u00e1mbar, vainilla, madera de gaiac, s\u00e1ndalo, almizcle blanco y vetiver.<\/p>\n","protected":false},"excerpt":{"rendered":"<p><b>Signatures No II<\/b>\u00a0de\u00a0<b>Maison Alhambra<\/b><\/p>\n","protected":false},"featured_media":177,"comment_status":"closed","ping_status":"closed","template":"","meta":{"_kad_post_transparent":"default","_kad_post_title":"","_kad_post_layout":"default","_kad_post_sidebar_id":"","_kad_post_content_style":"default","_kad_post_vertical_padding":"default","_kad_post_feature":"","_kad_post_feature_position":"","_kad_post_header":false,"_kad_post_footer":false},"product_brand":[],"product_cat":[43,18,21,17,49,19],"product_tag":[],"class_list":{"0":"post-133","1":"product","2":"type-product","3":"status-publish","4":"has-post-thumbnail","6":"product_cat-ambarado","7":"product_cat-hombres","8":"product_cat-maison-alhambra","9":"product_cat-mujeres","10":"product_cat-tabaco","11":"product_cat-unisex","13":"first","14":"instock","15":"sale","16":"sold-individually","17":"shipping-taxable","18":"purchasable","19":"product-type-simple","20":"entry","21":"content-bg","22":"loop-entry"},"_links":{"self":[{"href":"https:\/\/yaokaessence.com\/index.php?rest_route=\/wp\/v2\/product\/133","targetHints":{"allow":["GET"]}}],"collection":[{"href":"https:\/\/yaokaessence.com\/index.php?rest_route=\/wp\/v2\/product"}],"about":[{"href":"https:\/\/yaokaessence.com\/index.php?rest_route=\/wp\/v2\/types\/product"}],"replies":[{"embeddable":true,"href":"https:\/\/yaokaessence.com\/index.php?rest_route=%2Fwp%2Fv2%2Fcomments&post=133"}],"wp:featuredmedia":[{"embeddable":true,"href":"https:\/\/yaokaessence.com\/index.php?rest_route=\/wp\/v2\/media\/177"}],"wp:attachment":[{"href":"https:\/\/yaokaessence.com\/index.php?rest_route=%2Fwp%2Fv2%2Fmedia&parent=133"}],"wp:term":[{"taxonomy":"product_brand","embeddable":true,"href":"https:\/\/yaokaessence.com\/index.php?rest_route=%2Fwp%2Fv2%2Fproduct_brand&post=133"},{"taxonomy":"product_cat","embeddable":true,"href":"https:\/\/yaokaessence.com\/index.php?rest_route=%2Fwp%2Fv2%2Fproduct_cat&post=133"},{"taxonomy":"product_tag","embeddable":true,"href":"https:\/\/yaokaessence.com\/index.php?rest_route=%2Fwp%2Fv2%2Fproduct_tag&post=133"}],"curies":[{"name":"wp","href":"https:\/\/api.w.org\/{rel}","templated":true}]}}